visor of 375 and 30.
15
What is the greatest common divisor of 612 and 288?
36
Calculate the greatest common factor of 378 and 294.
42
Calculate the highest common divisor of 149 and 10579.
149
What is the greatest common divisor of 93 and 6231?
93
Calculate the highest common divisor of 560 and 3080.
280
Calculate the highest common factor of 189 and 1008.
63
What is the highest common divisor of 286 and 22?
22
What is the highest common divisor of 319 and 4292?
29
What is the highest common factor of 247 and 13?
13
Calculate the greatest common divisor of 27 and 27.
27
Calculate the highest common factor of 850 and 68.
34
What is the greatest common divisor of 36904 and 112?
56
Calculate the greatest common factor of 10096 and 16.
16
Calculate the highest common factor of 40 and 450.
10
What is the highest common divisor of 15 and 365?
5
Calculate the highest common divisor of 774 and 688.
86
Calculate the highest common factor of 8 and 808.
8
Calculate the greatest common factor of 909 and 45.
9
What is the greatest common factor of 1344 and 21?
21
What is the highest common factor of 6 and 75?
3
What is the greatest common divisor of 22 and 12518?
22
Calculate the greatest common divisor of 30 and 810.
30
Calculate the highest common divisor of 90 and 510.
30
Calculate the highest common divisor of 3 and 324.
3
Calculate the highest common factor of 950 and 38.
38
What is the highest common factor of 55 and 5665?
55
Calculate the highest common factor of 35 and 1345.
5
What is the highest common factor of 328 and 1148?
164
What is the greatest common factor of 11250 and 90?
90
What is the greatest common divisor of 20 and 25?
5
What is the highest common factor of 330 and 45?
15
Calculate the greatest common divisor of 162 and 3807.
81
Calculate the highest common divisor of 102 and 1598.
34
What is the greatest common divisor of 15 and 3?
3
What is the highest common factor of 4 and 332?
4
Calculate the greatest common factor of 21 and 6.
3
Calculate the greatest common divisor of 5037 and 657.
219
What is the highest common factor of 1010 and 10?
10
What is the greatest common factor of 11 and 902?
11
Calculate the greatest common divisor of 62 and 155.
31
What is the greatest common factor of 77 and 55?
11
Calculate the greatest common divisor of 255 and 5253.
51
What is the greatest common divisor of 252 and 72?
36
Calculate the highest common divisor of 312 and 390.
78
Calculate the greatest common factor of 25 and 361.
1
What is the highest common factor of 294 and 378?
42
Calculate the highest common divisor of 36 and 1476.
36
Calculate the highest common divisor of 40 and 5240.
40
What is the highest common divisor of 488 and 305?
61
What is the greatest common divisor of 447 and 1639?
149
Calculate the highest common divisor of 180 and 4968.
36
Calculate the greatest common divisor of 355 and 284.
71
Calculate the highest common divisor of 894 and 45.
3
Calculate the greatest common divisor of 5 and 1355.
5
Calculate the highest common divisor of 15 and 5010.
15
What is the greatest common divisor of 2 and 46?
2
Calculate the greatest common divisor of 77 and 217.
7
What is the highest common divisor of 444 and 12?
12
Calculate the greatest common factor of 525 and 285.
15
What is the highest common factor of 26487 and 327?
327
What is the greatest common factor of 2450 and 175?
175
Calculate the greatest common factor of 1440 and 5850.
90
Calculate the highest common divisor of 102 and 5100.
102
Calculate the highest common factor of 1 and 1.
1
What is the greatest common factor of 46 and 1978?
46
Calculate the greatest common divisor of 6321 and 387.
129
What is the greatest common divisor of 296 and 518?
74
Calculate the greatest common divisor of 8 and 52.
4
Calculate the highest common factor of 81 and 216.
27
What is the highest common factor of 55 and 407?
11
What is the greatest common divisor of 65 and 91?
13
What is the greatest common factor of 12 and 16362?
6
What is the greatest common divisor of 38063 and 17?
17
Calculate the highest common factor of 5 and 2855.
5
What is the highest common divisor of 128 and 800?
32
What is the greatest common factor of 99 and 18?
9
What is the greatest common divisor of 3649 and 178?
89
Calculate the highest common factor of 266 and 126.
14
What is the greatest common divisor of 18 and 270?
18
What is the highest common factor of 19 and 109?
1
What is the highest common divisor of 22 and 66?
22
What is the highest common factor of 28 and 56?
28
What is the highest common factor of 235 and 611?
47
Calculate the greatest common divisor of 25 and 100.
25
Calculate the highest common factor of 86055 and 15.
15
What is the highest common factor of 144 and 144?
144
What is the highest common divisor of 6 and 249?
3
What is the highest common divisor of 874 and 38?
38
Calculate the greatest common factor of 30 and 6140.
10
Calculate the highest common factor of 512 and 16.
16
Calculate the greatest common divisor of 323 and 190.
19
What is the greatest common factor of 847 and 21?
7
Calculate the greatest common factor of 34 and 10.
2
What is the highest common factor of 93 and 5487?
93
Calculate the highest common factor of 951 and 1268.
317
What is the highest common factor of 115 and 55?
5
What is the greatest common divisor of 14 and 329?
7
Calculate the highest common factor of 1 and 1063.
1
Calculate the greatest common factor of 105 and 805.
35
What is the highest common divisor of 981 and 9?
9
What is the greatest common factor of 60 and 1?
1
Calculate the highest common divisor of 876 and 24.
12
What is the highest common factor of 2 and 4204?
2
Calculate the highest common factor of 10 and 3985.
5
What is the greatest common divisor of 3380 and 420?
20
Calculate the greatest common divisor of 31 and 9703.
31
Calculate the greatest common factor of 62 and 65441.
31
Calculate the highest common divisor of 315 and 45.
45
Calculate the highest common factor of 7004 and 204.
68
Calculate the highest common factor of 550 and 11770.
110
What is the greatest common divisor of 1196 and 52?
52
What is the greatest common divisor of 84 and 546?
42
What is the highest common factor of 40 and 90?
10
Calculate the highest common divisor of 97 and 3104.
97
What is the highest common factor of 6493 and 43?
43
Calculate the greatest common factor of 386 and 63304.
386
Calculate the highest common divisor of 53 and 5141.
53
Calculate the greatest common divisor of 4982 and 106.
106
Calculate the highest common factor of 1298 and 22.
22
Calculate the highest common factor of 1972 and 68.
68
What is the greatest common factor of 3360 and 945?
105
Calculate the highest common factor of 10604 and 44.
44
What is the greatest common factor of 132 and 88?
44
Calculate the highest common factor of 129 and 172.
43
Calculate the highest common divisor of 72 and 852.
12
Calculate the highest common factor of 98 and 266.
14
Calculate the greatest common factor of 117 and 26.
13
Calculate the highest common divisor of 10 and 1480.
10
Calculate the greatest common divisor of 84 and 2828.
28
What is the highest common divisor of 2380 and 17?
17
Calculate the highest common divisor of 8820 and 120.
60
What is the highest common factor of 59 and 4130?
59
What is the greatest common divisor of 250 and 150?
50
Calculate the highest common factor of 459 and 2601.
153
What is the greatest common divisor of 10 and 2?
2
Calculate the greatest common factor of 1536 and 2.
2
What is the greatest common factor of 902 and 1716?
22
Calculate the greatest common factor of 10 and 96.
2
Calculate the greatest common divisor of 17 and 799.
17
What is the greatest common divisor of 14 and 35?
7
Calculate the highest common factor of 16 and 3.
1
Calculate the greatest common factor of 24 and 2874.
6
Calculate the highest common factor of 226 and 67574.
226
What is the highest common divisor of 2929 and 505?
101
What is the highest common factor of 447 and 6?
3
Calculate the greatest common factor of 546 and 13832.
182
What is the greatest common factor of 59 and 118?
59
What is the greatest common divisor of 32 and 3?
1
Calculate the greatest common factor of 2464 and 1694.
154
What is the highest common divisor of 215 and 2